divided by 17.
15
Suppose i - 8 = x - 0, -4*i = -x - 26. Calculate the remainder when 16 is divided by i.
4
Suppose 4*t + 3*s - 15 = 0, -3*t + 10 = -3*s - 17. What is the remainder when t is divided by 5?
1
Suppose f + 2*f + 21 = 4*s, 2*f = -2*s + 28. Suppose -3*z + 0*z = -s. Calculate the remainder when z is divided by 2.
1
Let x(o) = -o**2 - 6*o - 5. What is the remainder when 15 is divided by x(-3)?
3
Let f(h) be the second derivative of -h**3/6 + 2*h. Let o be f(2). Let r = 4 - o. Calculate the remainder when 15 is divided by r.
3
Let s(z) = -z**3 - 6*z**2 + 4*z - 1. Let c be s(-7). Suppose o = 2*o - c. Let h = 28 - o. What is the remainder when 15 is divided by h?
7
Suppose -3*q - 2*q + 45 = 0. Suppose 0 = 14*k - 11*k - 45. Calculate the remainder when k is divided by q.
6
Let z(l) = 2*l**3 - l**2 - 3*l + 4. What is the remainder when z(3) is divided by 7?
5
Suppose -45*t = -46*t + 24. What is the remainder when 45 is divided by t?
21
Suppose 0 - 39 = -m + 4*q, 3*m - 162 = -3*q. What is the remainder when m is divided by 19?
13
Let c be (-2)/(-4)*(11 + 1). Suppose -c - 8 = -k. Let g = k + -9. Calculate the remainder when 13 is divided by g.
3
Calculate the remainder when 190 is divided by 17/51 + 197/3.
58
Suppose 22 = 2*x + y, 23 = -13*x + 16*x - y. Calculate the remainder when 25 is divided by x.
7
Let y = 3 + -5. Let o = y + 17. Let j = 30 - o. What is the remainder when 28 is divided by j?
13
Let w = -23 - -19. Calculate the remainder when 65/(1 + (w - -4)) is divided by 11.
10
Suppose 5*d = 4*v + 5 - 1, 0 = 2*d. Let s(x) = -5*x**3 + x + 1. Calculate the remainder when 7 is divided by s(v).
2
Let o = 0 + 2. Suppose 0*k + k = 7. Suppose 5*z + o*n - 4*n = k, 3*n = 4*z - 7. What is the remainder when 2 is divided by z?
0
Suppose -175 = -5*l - 40. Let s(z) = -12*z - 57. Calculate the remainder when l is divided by s(-6).
12
Suppose -m = -22 + 8. Let u = 1 + 4. Calculate the remainder when m is divided by u.
4
Suppose 23 = 2*n + 7. What is the remainder when 31 is divided by n?
7
Suppose -l + 4*k + 14 = -0*l, 5*l = k + 13. Suppose 0 = l*j - 52 + 2. What is the remainder when j is divided by 7?
4
Calculate the remainder when 45 is divided by 3/(-3)*((-5)/5 + -3).
1
Let y = -67 - -114. Suppose 0*s = 5*s - 100. Let o = s + -8. What is the remainder when y is divided by o?
11
Let s(z) = -z**3 + 12*z**2 + 23. What is the remainder when 66 is divided by s(12)?
20
Let y be 2/9 + (-43)/(-9). Let q(b) = -b**2 + 6*b - 3. Let c(l) = -l**2 - 7*l - 8. What is the remainder when c(-4) is divided by q(y)?
0
Calculate the remainder when 75 is divided by (-1)/(4/(-76))*1.
18
Let l = 7 + 0. Let b be (-4)/14 - 120/(-28). Suppose 0 = b*w + l - 51. Calculate the remainder when 30 is divided by w.
8
Let p(v) = v**2 + 4*v - 3. Let u be p(-5). Suppose -4*o - u = -98. Let z = o + -11. What is the remainder when 36 is divided by z?
10
Suppose -5*d + 4*c - 312 = 0, 0 = d - c + 3*c + 68. Let b = d - -107. Calculate the remainder when b is divided by (-1)/((-14)/(-15) + -1).
13
Let j be (-12)/(-2)*4/12. Let f be j/1*(-4)/8. What is the remainder when (1/2)/(f/(-62)) is divided by 16?
15
Calculate the remainder when 142/8 - (-15)/60 is divided by 7.
4
Suppose 4*w - 5*k = 15 + 34, -3*w + 3*k = -33. What is the remainder when 20 is divided by w?
2
Let v = -1 - -31. Calculate the remainder when 86 is divided by v.
26
What is the remainder when -86*2/(4 - (-2 + 10)) is divided by 24?
19
Suppose 0*q = -5*i - q + 24, -24 = -4*i + 4*q. Calculate the remainder when (10/(-4))/(i/(-10)) is divided by 3.
2
Suppose -4*k + 8 = 0, -5*d + k + 107 = -96. Calculate the remainder when 160 is divided by d.
37
Let x(d) = -12*d + 1. What is the remainder when x(-1) is divided by 4?
1
Suppose 2*i = 115 - 21. Calculate the remainder when i is divided by 16.
15
Suppose -128 = -3*a + 7*a. What is the remainder when 34 is divided by (-4)/(a/(-18))*-4?
7
Let q = -6 + 8. Suppose 3*p - 60 = -q*p. Calculate the remainder when 21 is divided by p.
9
Suppose 3 = 2*g + 3*o - 16, g - 4*o + 18 = 0. Suppose -g*y - 43 - 51 = -4*q, 5*y = 3*q - 53. What is the remainder when q is divided by 9?
8
Calculate the remainder when -2*(-414)/30 + 2/5 is divided by 6.
4
Suppose 0 = -5*a - 34 + 94. Let x = -6 + a. Calculate the remainder when 11 is divided by x.
5
Calculate the remainder when 9 is divided by 0/(-2) + (0 - -5).
4
Let n = -5 - 0. What is the remainder when ((-20)/n)/((-2)/(-10)) is divided by 11?
9
What is the remainder when 21 is divided by (-2)/(-8) + -2 + (-102)/(-8)?
10
What is the remainder when (-26)/(-1) + -10 + 13 is divided by 16?
13
Let t = -20 + 26. Let x = 3 + -2. What is the remainder when 0 - -1 - (x - 10) is divided by t?
4
Let k(h) = h**3 - 11*h**2 + 18*h + 22. Calculate the remainder when k(9) is divided by 4.
2
Suppose 4*c - 58 = 50. Suppose 3*d - 21 = -x - 60, 4*d = 2*x + 88. Let i = -28 - x. Calculate the remainder when c is divided by i.
13
Suppose w - 4*w = -o + 10, -2*w - 4 = 2*o. Let c = 2 + w. What is the remainder when (-34 - (3 + c))/(-1) is divided by 19?
17
Suppose w - 9 - 10 = 0. What is the remainder when 50 is divided by w?
12
Let c = -1 + -2. What is the remainder when 25 + (2 - 2*2) is divided by ((-6)/2)/(c/12)?
11
Suppose -2*k - 19 = y - 7*k, -5*y = -2*k - 20. Let x(g) = g**2 - 9*g + 3. What is the remainder when y is divided by x(9)?
0
Let i(y) = -4*y - 6. Let f = 370 - 100. Suppose -5*v - 2*x + f = 0, v - 27 - 40 = -3*x. What is the remainder when v is divided by i(-6)?
16
Let k(v) = -v**2 + 5*v - 3. Let h be k(4). What is the remainder when 0 + h + (35 - -1) is divided by (-2 - 1)/(6/(-26))?
11
Suppose -f + 2 = 4. Let k(x) = 4*x**2 + 4*x + 2. What is the remainder when 29 is divided by k(f)?
9
Let n = 13 + 24. Calculate the remainder when n is divided by 10.
7
Suppose m = 10 + 1. Let y(u) be the second derivative of u**5/20 - 3*u**4/4 - 3*u**3/2 + 11*u**2/2 + 2*u. Calculate the remainder when y(10) is divided by m.
10
Let c(v) = v**3 - 5*v**2 - 13*v + 17. Calculate the remainder when c(7) is divided by 7.
3
Suppose 2*a + 4*h = -0*a - 60, 0 = -5*a - 5*h - 155. Suppose 0*s + 3*s = 42. Calculate the remainder when ((-78)/(-8))/((-12)/a) is divided by s.
12
Let b(t) = t**3 - 6*t**2 + 2*t - 6. Let q = 42 - 31. What is the remainder when q is divided by b(6)?
5
What is the remainder when (-1)/(-6) - 1850/(-60) is divided by 11?
9
Suppose -19 - 33 = -v. Suppose -4*o = -117 + 73. What is the remainder when v is divided by o?
8
Let n(a) = -33*a + 1. Suppose t - 2 = 7. Calculate the remainder when n(-1) is divided by t.
7
Suppose 3*o - 5*o = -36. Suppose 5*b = -3*n + 3 + 16, 0 = b - 2*n - 9. Calculate the remainder when o is divided by b.
3
Let k = -2 + 17. Calculate the remainder when 58 is divided by k.
13
Let k = 40 + -22. Let l(q) = 95*q**3 - 2*q**2 - q. Let r be l(-1). What is the remainder when k is divided by r/(-10) - 2/(-5)?
8
Suppose -3*t - 68 = -2*y + t, 3*y - 102 = t. Calculate the remainder when 135 is divided by y.
33
Suppose 3*l - 4*l + 7 = 0. What is the remainder when (-3)/(60/(-796)) + (-16)/20 is divided by l?
4
Let u(z) = -z**3 - 4*z**2 - 5*z - 4. Let t be u(-3). Let i = t - -9. Suppose -3*w - w = -124. Calculate the remainder when w is divided by i.
9
Let m(t) = t**2 - 9*t - 8. Suppose -5*o = -3*i - 281, -32 = -2*o + 5*i + 88. What is the remainder when o is divided by m(11)?
13
Let o be (-4)/(-10) - (-2)/(-5). Suppose o*p - p = 0, 3*u = -p. Suppose u = -d + 6 + 18. Calculate the remainder when d is divided by 13.
11
Suppose 22 = 4*h - 14. What is the remainder when 16 is divided by h?
7
Suppose 8*r = 11*r - 42. What is the remainder when 24 is divided by r?
10
Suppose 0 = -4*r + 3*r + 31. What is the remainder when r is divided by 8?
7
Suppose -4*h + 8 = -8. Suppose -a + 4*g + 22 = 0, -h*a - 2*g - g = -145. Suppose w = -c - 2 + 5, 5*w + a = 2*c. Calculate the remainder when 19 is divided by c.
5
Suppose -8*q - 24 + 104 = 0. Calculate the remainder when 38 is divided by q.
8
Suppose -7*u + 276 = -u. Calculate the remainder when u is divided by 16.
14
Suppose 4*c - 152 = -4*q, -4*c + 2*c + 84 = 4*q. What is the remainder when c is divided by 22?
12
Let d(b) = b - 5. Suppose -2*m - 3*m + 50 = 0. Let p be d(m). Suppose 0*n = -n + p. Calculate the remai